).
3, 7
Suppose 2*o = -3*a + 2, -5*o = -a - 25 - 14. Suppose -o*z + 6*z + 7 = 0. List the prime factors of z.
7
Let v(d) = -2*d**3 + d**2 - 1. Let j be v(1). Let n be j/(-7) - 26/(-7). Suppose c - 12 = -2*t - 1, -2*t + 4*c = n. What are the prime factors of t?
2
Let j = -108 + 156. What are the prime factors of j?
2, 3
Let a(j) be the first derivative of j**2/2 + 4*j - 2. List the prime factors of a(6).
2, 5
Let m(h) = h**2 - 10*h - 8. Let z be m(11). Suppose -5 = -z*s + 2*s. What are the prime factors of s?
5
Suppose -2*u = -0*u - 8. Suppose u = f - 0. Suppose 4*z = 2*z + 8, 16 = f*p + 2*z. What are the prime factors of p?
2
Let i(h) be the second derivative of 10*h**3/3 + 3*h. Let x be i(1). Suppose -u + x = 3*u. List the prime factors of u.
5
Let y = 251 + -35. Let d be (4 + y)*4/(-5). List the prime factors of 12/30 - d/10.
2, 3
Let k(i) = 3*i - 7. Let m be k(6). Let j = 19 - m. List the prime factors of j.
2
Suppose -2*l = 4*y - 6*y - 202, 2*l - y = 201. What are the prime factors of l?
2, 5
Suppose 5*h + 3 = 4*h. Let j(m) = -m**3 - 2*m**2 - 3*m - 3. Let w be j(h). Let k = w - 8. List the prime factors of k.
7
Let c(f) = 117*f + 4. What are the prime factors of c(1)?
11
Suppose f + 4*k + 0*k + 5 = 0, 4*f - 4*k = -40. Let w be 5/(30/f)*-10. Suppose -4*j + 5*j + 3*r = -6, j - w = 4*r. What are the prime factors of j?
3
Let t(o) = -o + 4. Let m be t(6). Let s be 25/5*m/(-2). Suppose -3*x + 44 = x - y, -s*x = y - 46. List the prime factors of x.
2, 5
Let y = 2 - -1. Suppose 27 - y = 3*k. Let h = k + -2. What are the prime factors of h?
2, 3
Suppose -10 = 2*n - 4*n. Suppose y - 4*y = -39. Suppose y = n*a - 102. List the prime factors of a.
23
Suppose 3*l = 8*l + 2*c + 116, 0 = c - 2. Let i = 58 + l. List the prime factors of i.
2, 17
List the prime factors of (0 - 128/6)*168/(-16).
2, 7
Let c be 12/(-4) + 8 + 0. Suppose 0 = -g - c, w = 3*g + 29 - 1. What are the prime factors of w?
13
Let c be 2*(3 + (-36)/8). Let y(h) = -h**3 - 3*h**2 - 5*h - 4. What are the prime factors of y(c)?
11
Suppose 5 = z + o, 2*o = 4*z + 4*o - 14. Let u(a) = a**2 - 3*a + 2. Let n be u(8). Suppose j - n = -z*j. List the prime factors of j.
2, 7
Suppose 5*u + 0*u = 45. What are the prime factors of u?
3
Suppose 6*n = 10*n - 272. List the prime factors of n.
2, 17
Let w be 0 + -2 + (-3 - -1). Let g be (2/3)/(w/(-30)). Suppose -16 = -g*i + 4. What are the prime factors of i?
2
Suppose -1 = -2*x + 17. List the prime factors of x.
3
Let c(n) = 9 + n**2 + 0 - 5 + 7*n. What are the prime factors of c(-8)?
2, 3
What are the prime factors of (190 - 4)/((-6)/(-4))?
2, 31
Let b = -26 + 66. Suppose 0 = -l + 7*l - 12. Suppose -b = -6*q + l*q. What are the prime factors of q?
2, 5
Let h = -210 - -301. List the prime factors of h.
7, 13
Let q be 5 - 0/3 - 2. What are the prime factors of (q/6)/(1/20)?
2, 5
Let g = -242 + 661. List the prime factors of g.
419
Suppose 5*m = -5*v + 1085, 3*m - 869 = -4*v - 0*m. List the prime factors of v.
2, 109
Let x(s) = -s + 6. Let l be x(8). Let w(h) = -2*h - 1. Let m be w(l). Suppose 36 = p + m*p. What are the prime factors of p?
3
Suppose 3*n + 50 = 20. Let i be -1*(-10)/2*1. What are the prime factors of n/i + 1*5?
3
Suppose -70 = -2*l + 2*k, -5*k + 4*k - 167 = -5*l. Let s(x) = -2*x + 1. Let u be s(-3). List the prime factors of l/u + (-4)/(-14).
5
Let a be (1 + 2)/((-1)/7). List the prime factors of (-14)/a - (-188)/6.
2
Suppose 4*i + a = -32, -5*i - 2*a = -0*i + 40. Suppose 3*f + 148 = -4*o, -o + 0*f = -2*f + 26. List the prime factors of -4*(2 - o/i).
3
Let l(t) = -t**3 - 11*t**2 - t - 3. Let a be l(-11). Suppose -a = -w + 3. What are the prime factors of w?
11
Let w be ((-15)/(-2))/((-9)/(-60)). Suppose d - 3*d = -w. List the prime factors of d.
5
What are the prime factors of (-31)/(-2 - -4 - 3)?
31
Suppose 2*l - 45 - 85 = 0. List the prime factors of l.
5, 13
Let y = -11 - -16. Suppose -31 = -4*t + 5*v, 0 = -y*t + v + 24 - 1. Suppose 10 = t*r - 2. What are the prime factors of r?
3
Suppose -2*f + f = -78. Suppose -g - 2*g = -f. List the prime factors of g.
2, 13
Suppose -x = -2*t - 1, -t = x + 1 - 5. Suppose 0 = -0*s - s + x. Suppose -s*l + 12 = -l. List the prime factors of l.
2, 3
Let d = 14 + 64. What are the prime factors of 4*d*1/8?
3, 13
Let o(j) = j**2 + 5. What are the prime factors of o(0)?
5
Suppose 2*w - 103 = -5*j, 3*j - 64 = -3*w + 4*w. Let g = 7 + j. List the prime factors of g.
2, 7
Let z be 15/(-12)*4*-2. Let q be (4/(-6))/(z/(-255)). Let j = q + -12. List the prime factors of j.
5
Let n(r) = -r**3 - 5*r**2 + 6*r + 5. List the prime factors of n(-6).
5
Let u(k) = k**2 - 5*k - 5. Let h = -5 - -11. Let p be u(h). List the prime factors of (-1 - 1)*p + 11.
3
Suppose 36 = 2*p + p. Suppose 27 - 78 = -d - 3*z, -3*d - 5*z = -161. Suppose 0 = 2*j - t - 25, 5*j + t = d - p. List the prime factors of j.
2, 5
Let h(n) = -n**3 + 7*n**2 + 11*n + 4. What are the prime factors of h(8)?
2, 7
Let s be 3/(((-6)/(-4))/1). Let w = s + 2. Suppose -6*m - u + 60 = -2*m, w*m = -5*u + 60. What are the prime factors of m?
3, 5
Let l be 2/(-4*(-3)/738). Suppose -33 = 5*j - l. List the prime factors of j.
2, 3
Suppose -2*i = 3*i - 90. List the prime factors of i.
2, 3
Let v = -7 + 12. Let m be (v - 4) + 1 + -1. Suppose -2*h + m = -9. List the prime factors of h.
5
Suppose -5*q = -3*q - 6. Suppose -5*v - 10 = 5*c, 0 = 4*v - 9*v + 3*c + 6. Suppose -q*h + 54 = -v*h. What are the prime factors of h?
2, 3
Let l = 196 - 171. What are the prime factors of l?
5
Let h(p) = -8*p + 7*p + 6 - 4*p. What are the prime factors of h(-5)?
31
Suppose -2*d - 3*d - 4*n + 187 = 0, 0 = 2*d - 2*n - 82. List the prime factors of ((-8)/12)/((-2)/d).
13
Suppose 4*q - 13 - 75 = 0. Suppose 5 = 4*o + 2*t - 13, 0 = -5*o + 5*t - 15. Suppose 0 = o*h - q + 10. What are the prime factors of h?
2, 3
Suppose 4*t = v - 0*t + 19, 5*v - 5*t + 50 = 0. Let j(b) = -2*b - 2. Let s be j(v). List the prime factors of (s/8)/((-3)/(-8)).
2
Let s be (10/3)/((-4)/(-6)). Suppose -w + 20 = -s*z, 4*w - 3*z - 19 = 27. What are the prime factors of w?
2, 5
List the prime factors of 3/(-5) + (-558)/(-30).
2, 3
Suppose -94 + 19 = -5*j. What are the prime factors of j?
3, 5
Suppose 3*j + 0 = -12. Let y be -3*4/(-3) + -2. What are the prime factors of 8*y - (j + 5)?
3, 5
Let l be (-45)/(-6)*4/5. Let u be 5/(9/l - 1). List the prime factors of (12/u)/(6/45).
3
Suppose 3*n + m - 191 = -m, 0 = -m + 4. Suppose 0 = -5*b + 8*w - 3*w + 70, -5*b = -2*w - n. What are the prime factors of b?
11
Let q(f) be the second derivative of 13*f**5/20 - f**4/6 + f**3/6 + 5*f. List the prime factors of q(1).
2, 3
Suppose -7*c = -2*c + 190. Let p be c/(-8) - (-3)/12. Suppose p*f + 4*x - 39 = 6, -27 = -3*f + 3*x. List the prime factors of f.
3
Suppose 4*o + 3 = 3*t - 11, o + 12 = 5*t. Let d(y) = y**3 + 6*y**2 + 5*y - 4. Let b be d(-4). Suppose -b = t*u - 28. What are the prime factors of u?
2, 5
Let d(u) = 2*u + 6. What are the prime factors of d(14)?
2, 17
Suppose -48 + 3 = 5*f. Let b = 45 + -64. Let c = f - b. What are the prime factors of c?
2, 5
Let l(n) = -n**3 + 3*n**2 + 3*n - 2. Let x(b) = b**2 - 4*b - 8. Let c be x(6). Let v be l(c). List the prime factors of (-4)/v - 13/(-3).
5
Suppose 0 = -i - 2*i + 33. Suppose 0 = -3*w + 3. Let l = w + i. List the prime factors of l.
2, 3
Let n(c) = -c**2 - 13*c + 6. List the prime factors of n(-11).
2, 7
Let p = -117 - -137. What are the prime factors of p?
2, 5
Suppose -j + 2 = 0, -4*n + 5*j + 174 = -0*n. Suppose -4*m + 35 = q - 6, 4*m + 2*q = n. What are the prime factors of m?
3
Suppose 3*z + 0*y = -y + 160, -4*z + 212 = 2*y. Let f be (z/(-24))/(3/(-16)). Let r = 0 + f. List the prime factors of r.
2, 3
List the prime factors of (-102)/(-1)*((-35)/15 - -3).
2, 17
Suppose 0*i + 134 = 2*i. Suppose 5*n - 65 = -3*w, -i = 2*w - 7*w + 2*n. List the prime factors of w.
3, 5
List the prime factors of (-6)/4*(-8)/3.
2
Let f be ((-9)/6)/(3/4). Let g be f + 0 + -10 - -2. Let b = g - -17. What are the prime factors of b?
7
Let d = -95 + 60. Let z = 75 + d. What are the prime factors of z?
2, 5
Let f = -8 + 11. Suppose f*h - 24 = h. List the prime factors of -9*h/(-9) + 1.
13
Let p be (-23)/3 - 10/(-15). Let q = 38 + p. What are the prime factors of q?
31
Let f(o) = -o**2 + 10*o - 3. What